 = y. What is the units digit of a?
7
Let n be -4 - -1 - 9/(-1). Suppose -4*y + 4*b - 2*b - 8 = 0, 3*y = -3*b - 24. Let i = n + y. What is the units digit of i?
2
Let t(a) = -a**3 + 14*a**2 - 2*a + 30. Let j be t(14). Let l be (-9)/6 - (-2)/4. Let m = l + j. What is the units digit of m?
1
Let y(o) = -o + 3. Let k be y(6). Let d = 14 + k. What is the units digit of d?
1
Let l(m) = m**3 - 8*m**2 + 9. Let z be l(8). Let y = 29 - z. Suppose -p + y = p. What is the tens digit of p?
1
Suppose 3*y + 3*r - 419 = y, 4*r = -3*y + 630. What is the units digit of y?
4
Let j(p) = -p**3 + p + 218. What is the units digit of j(0)?
8
Suppose -5*c = -3*c + 12. What is the units digit of (c/(0 + 1))/(-1)?
6
What is the tens digit of (6*3/(-24))/(2/(-88))?
3
What is the tens digit of (-23)/(-92) + 71/4?
1
Suppose 4*c = -3*m + 209, -c - 97 = -3*m + 117. What is the units digit of m?
1
Let p = -20 + 34. Let k be 48/28 - (-4)/p. What is the units digit of (-9)/((-1 + k)*-1)?
9
Let o = 13 - -61. What is the tens digit of o?
7
Let g = -25 + 23. What is the tens digit of (g/(-4))/(4/120)?
1
Suppose -5*h + 9 = -2*h, -52 = -q - 5*h. What is the units digit of q?
7
What is the units digit of -2*16/(-4) - -1?
9
Let w = 6 - -8. What is the tens digit of w?
1
Let p(u) = -u**2 - u + 5. Let h be p(0). Suppose h*j = -0*w - 2*w + 15, 0 = -w - 2*j + 8. What is the units digit of w?
0
Suppose 0 = -k + 2*k + 18. What is the units digit of k/(-15)*(-15)/(-6)?
3
Suppose -1 = 5*w - 3*r + 4, 3*r = 4*w + 7. Let k(s) = 0 - 2 + s**2 + w*s + 0 + 3*s. What is the units digit of k(-7)?
2
Suppose -3*a + o = -20, 3*a + a + 5*o = 14. What is the units digit of a?
6
Let l = 31 - -4. What is the units digit of l?
5
Suppose 265 = 4*q - 635. What is the hundreds digit of q?
2
Suppose 0*g = 2*z - 5*g - 61, -2*z + 3*g = -67. What is the tens digit of z?
3
Suppose 5*j + 5 = 0, -3*g + g + 5*j = -379. What is the hundreds digit of g?
1
What is the units digit of 9/6*(3 + 299/3)?
4
Let i = 251 + -172. What is the tens digit of i?
7
Let i(p) be the third derivative of -p**6/120 - p**5/6 + 7*p**4/24 + 2*p**3 + 3*p**2. Let x be i(-11). Let t = -40 + x. What is the tens digit of t?
1
Let x = -128 - -235. What is the hundreds digit of x?
1
Let j(z) = -z**3 + 5*z**2 + 8*z + 5. What is the units digit of j(6)?
7
Suppose 3*b + 3*t = -2*t + 24, 2*t = 4*b - 6. Let y be 48/6 - b/1. Suppose -y*w + 29 = -2*w + 5*c, w - 4*c + 13 = 0. What is the units digit of w?
3
Let q = -1 + 17. What is the units digit of q?
6
Suppose -2*y - 26 = -5*z - 4, z - 3*y + 6 = 0. What is the units digit of -3 + 10*3/z?
2
Let h(a) = a**2 + 9*a + 5. Let t be h(-8). Let x = t - -5. Suppose 28 = x*m + 3*y, -5*m = -m + 4*y - 48. What is the units digit of m?
8
Let v(s) be the first derivative of -s**3/3 - 11*s**2/2 - 3*s - 5. What is the units digit of v(-7)?
5
Suppose 5*p - 2*o - 71 = 0, -4*p + 20 = o - 29. Suppose p*m - 11*m = 8. What is the units digit of m?
4
Let f = -5 + 11. What is the units digit of (f/2)/((-3)/(-5))?
5
Let f = 11 - 10. Suppose -2*a + f = -25. Let l = -6 + a. What is the units digit of l?
7
Let l(k) = 2*k - 1. Let z be l(2). Let c(q) = q + 2. Let m be c(0). Suppose m*t - 4 = -2*s, -z*s + s = 3*t - 3. What is the units digit of s?
3
Let u(w) = -w**2 + 5*w - 4. Let m = 4 + -1. Let r be u(m). Suppose -2*f + 32 = r*f. What is the units digit of f?
8
What is the tens digit of ((-279)/2)/((-3)/6)?
7
Let x be 26/8 + (-6)/24. Suppose -x*o - 5*l + 31 = -0*o, -2 = 2*l. Let d = -6 + o. What is the units digit of d?
6
Suppose -7*u + 2*u = 25. Let z = 11 - u. What is the tens digit of z?
1
Suppose -2*m + 0*m + 282 = 0. What is the units digit of m?
1
Let d(c) = -c**3 - 3*c**2 - 3*c + 1. What is the tens digit of d(-4)?
2
Let g = -3 - -5. Suppose 0*m = -5*k - m - 14, 0 = g*k + m + 5. Let f(d) = -d + 2. What is the units digit of f(k)?
5
Let w be (6/(-4))/(18/(-624)). Suppose 0 = -4*v + o + w, -3*o + 0*o = v. What is the tens digit of v?
1
Suppose 4*v - v - 3*u = 90, 2*v - 61 = u. What is the tens digit of v?
3
Let d be (-4)/18 + (-29)/(-9). Suppose 4*x - d*x = 4. Suppose 6 = -u + x*u + 5*f, 2 = -u - 3*f. What is the units digit of u?
7
Let a(o) = o**2 + 2*o. Let l be a(-4). Suppose 4*s = l*s. Suppose 3*d + 2*d - 70 = s. What is the units digit of d?
4
Let n(b) = -b**2 + 11*b + 19. Let i be n(13). Let s(o) = -o**2 - 10*o + 12. What is the tens digit of s(i)?
3
Let k be (18/(-27))/((-4)/414). Suppose 0 = 2*d - 5*i - 46, -k = -3*d + 3*i + 18. What is the tens digit of d?
3
Let i(r) = r + 1. Let n(u) = 5*u - 2. Let w(j) = -2*i(j) + n(j). Let f be w(3). What is the units digit of f/(-10) + 18/4?
4
Suppose 6 - 1 = -5*p. Let v be (10/p)/(4/(-2)). Suppose -d = h, 0 = d + v*h + 1 + 3. What is the units digit of d?
1
Let i be (-9)/6*20/(-3). Suppose u = s + i, 2*u + s - 2 = u. What is the units digit of u?
6
Let l = 6 + -6. What is the units digit of (-3)/((-3)/8) + l?
8
Let g be (-4)/(-6) + (-96)/(-18). Suppose -g = -2*w + 34. Let p = w + -6. What is the tens digit of p?
1
Suppose -k = -3*k + 22. What is the tens digit of k?
1
Let h = -15 - -25. What is the units digit of h?
0
Suppose -4*g = 0, -3*g = 5*b + g - 30. What is the units digit of b?
6
Let o(w) = w**3 - 9*w**2 + 7*w + 7. Let y be o(8). Let z be (-3)/(-9) + (-1)/3. What is the units digit of (-10)/(-1 + y - z)?
5
Let h be (-4)/6 + (-119)/(-21). Suppose -3*q - 15 = -3*o, o + h*q - 19 = -2. What is the units digit of o?
7
Let w(f) = -f**2 + 1 + 4*f + 3*f + f. What is the units digit of w(6)?
3
Suppose 2*l + 48 = -2*l. Let m = -2 - 2. Let f = m - l. What is the units digit of f?
8
Let t = 842 - 549. What is the hundreds digit of t?
2
Let i = 4 + 0. Suppose 33 = 5*x + m, 0*m + 15 = x - i*m. What is the units digit of x?
7
What is the tens digit of (-7)/((16/20)/(-4))?
3
Suppose 0 = 3*p - 0*p - 36. What is the tens digit of p?
1
Let r = 39 + 6. What is the tens digit of r?
4
Let x be (-2)/(1 + 1 - 4). Let j = 10 + x. What is the tens digit of j?
1
Let s(c) = c - 2. Let w be s(6). Suppose -v - 93 = -4*v. Suppose -w*o + v = 11. What is the units digit of o?
5
Suppose 401 = 3*i - 2*q, q - 244 + 777 = 4*i. What is the units digit of i?
3
What is the tens digit of (-3)/(-2)*(-296)/(-3)?
4
Suppose -5*q = -2 + 27. Let b = 5 + q. What is the tens digit of -5*(b + 2/(-1))?
1
Let s = -5 + 11. Let t(o) = 8*o - 11. What is the tens digit of t(s)?
3
Suppose -58*f = -51*f - 56. What is the units digit of f?
8
Let w(h) = 8*h**2 + 2*h - 1 - 7*h**2 + 5 + 2. Suppose 4*v - 2*l + 14 = 0, 6*l - l = -5. What is the tens digit of w(v)?
1
Let y(k) = k**3 + 29*k**2 + 51*k - 13. What is the units digit of y(-27)?
8
Suppose 113 = -4*j - 3*h - 1, -h = 3*j + 88. What is the tens digit of 128/10 - 6/j?
1
Let u be 9*((-1)/3 + 1). Suppose -u*v + 3*v = -45. What is the units digit of v?
5
Suppose 0 = -5*t + 3*b + 2*b, 2*t - 4*b - 4 = 0. Let a be 0 + t - 28/(-2). Suppose 2*m + 0 - a = 0. What is the units digit of m?
6
Let a(k) = -k**2 + 4*k + 2. Let v(m) = -4*m - 4. Let h be v(-2). What is the units digit of a(h)?
2
Let x(b) = -1 - 2*b + 9 - 2*b + 2. What is the units digit of x(-6)?
4
Let c(t) = -t**3 - 16*t**2 - t - 8. What is the units digit of c(-16)?
8
Let o(f) = -f**2 + 7*f - 6. Let j be o(6). Suppose -5*r + 29 = -l, j = 4*r - r - 3*l - 15. What is the units digit of -2*(15/r)/(-5)?
1
Suppose -227 = -2*v - 3*o, -5*v + 2*o + 427 = -150. What is the tens digit of v?
1
Let a(k) = k**3 - 10*k**2 + 2*k - 13. Let b be a(10). What is the units digit of (1 - b)*(-6)/4?
9
Let y(a) = -a. Let z(c) = 13*c - 7. Let j(f) = -6*y(f) + z(f). What is the tens digit of j(2)?
3
Suppose 2*k + 61 = -3*s + 236, -2*k + 114 = 2*s. What is the units digit of s?
1
Let g(d) = -d**3 + 3*d**2 + d - 1. Let t = 2 + -4. What is the tens digit of g(t)?
1
Let a(c) = c**3 - 12*c**2 + 12*c - 6. Let u be a(11). Suppose -4*h = -u*i - 9*h + 10, 3*h + 9 = 2*i. What is the units digit of i?
3
Let d = 1 - 1. Suppose -8*z + 4*z + 36 = d. What is the units digit of z?
9
Suppose -3*b - 3*a = 0, -4*b - b = 3*a - 4. What is the units digit of 10*(1/b - 0)?
5
Suppose 3*f - 5*f - 2*d + 34 = 0, -3*f + d + 67 = 0. What is the units digit of f?
1
Let h(b) = -b**3 - 4*b**2 + 20*b + 18. What is the tens digit of h(-8)?
1
Suppose z - 61 = 3*k, -3*z + 3*k - 61 = 